is divided by 80.
38
Calculate the remainder when 6231159 is divided by 520.
519
Calculate the remainder when 14790 is divided by 13546.
1244
What is the remainder when 600057 is divided by 50003?
21
Calculate the remainder when 161515 is divided by 6322.
3465
Calculate the remainder when 9610 is divided by 1546.
334
Calculate the remainder when 21335690 is divided by 133.
96
What is the remainder when 29754505 is divided by 6276?
6265
What is the remainder when 1088348497 is divided by 1150?
1147
Calculate the remainder when 2891362 is divided by 1296.
1282
Calculate the remainder when 3340495 is divided by 66.
37
Calculate the remainder when 8798 is divided by 1464.
14
Calculate the remainder when 118560 is divided by 29606.
136
What is the remainder when 4257918597 is divided by 12?
9
Calculate the remainder when 249676 is divided by 37.
0
Calculate the remainder when 48540 is divided by 437.
33
What is the remainder when 7881364 is divided by 2627117?
13
Calculate the remainder when 16145 is divided by 646.
641
What is the remainder when 107264117 is divided by 113?
110
Calculate the remainder when 64551016 is divided by 12910203.
1
What is the remainder when 36260665 is divided by 36260656?
9
Calculate the remainder when 6774511 is divided by 6774490.
21
What is the remainder when 2019776 is divided by 94?
92
What is the remainder when 36477 is divided by 493?
488
What is the remainder when 392032 is divided by 269?
99
What is the remainder when 11060206 is divided by 5530074?
58
Calculate the remainder when 96556939 is divided by 48278467.
5
Calculate the remainder when 1267939 is divided by 2967.
1030
What is the remainder when 2478266 is divided by 412942?
614
Calculate the remainder when 29890 is divided by 1748.
174
What is the remainder when 600038 is divided by 12242?
180
Calculate the remainder when 3472005 is divided by 63.
12
What is the remainder when 2068350 is divided by 163?
43
What is the remainder when 170809 is divided by 164691?
6118
What is the remainder when 43963 is divided by 14?
3
Calculate the remainder when 11692827 is divided by 2804.
147
What is the remainder when 37179201 is divided by 253?
92
Calculate the remainder when 768991190 is divided by 17.
15
What is the remainder when 376282 is divided by 927?
847
What is the remainder when 102007 is divided by 33951?
154
Calculate the remainder when 14727 is divided by 4626.
849
Calculate the remainder when 26317 is divided by 16235.
10082
Calculate the remainder when 257374 is divided by 514.
374
Calculate the remainder when 5642160 is divided by 376144.
0
What is the remainder when 22021 is divided by 10652?
717
What is the remainder when 61400908 is divided by 115?
108
Calculate the remainder when 3194556 is divided by 20.
16
What is the remainder when 12466002 is divided by 719?
699
Calculate the remainder when 25162778 is divided by 698965.
38
Calculate the remainder when 13446280 is divided by 3470.
30
What is the remainder when 94060248 is divided by 44?
40
What is the remainder when 1599082 is divided by 4981?
181
Calculate the remainder when 16752663 is divided by 6431.
6339
Calculate the remainder when 164168 is divided by 16988.
11276
Calculate the remainder when 4516390 is divided by 19.
14
What is the remainder when 2178656 is divided by 10?
6
What is the remainder when 85025 is divided by 851?
776
Calculate the remainder when 1422776 is divided by 11662.
12
Calculate the remainder when 2077543 is divided by 322.
321
Calculate the remainder when 226783 is divided by 335.
323
Calculate the remainder when 358941 is divided by 42.
9
Calculate the remainder when 1295741 is divided by 15291.
11297
What is the remainder when 743125 is divided by 2741?
314
What is the remainder when 943804 is divided by 128?
60
Calculate the remainder when 775551 is divided by 386417.
2717
What is the remainder when 52262852 is divided by 46?
44
Calculate the remainder when 9505579 is divided by 413285.
24
Calculate the remainder when 209765 is divided by 1006.
517
Calculate the remainder when 181547 is divided by 674.
241
What is the remainder when 4617286 is divided by 10993?
226
Calculate the remainder when 2474890 is divided by 549.
547
What is the remainder when 2587005 is divided by 1000?
5
Calculate the remainder when 1407964 is divided by 4011.
103
Calculate the remainder when 2593329 is divided by 1825.
4
Calculate the remainder when 134454442 is divided by 336.
10
Calculate the remainder when 331378 is divided by 1080.
898
What is the remainder when 91701 is divided by 1028?
209
What is the remainder when 38662598 is divided by 53?
52
Calculate the remainder when 1370758 is divided by 29165.
3
Calculate the remainder when 593895 is divided by 254.
43
What is the remainder when 1024110 is divided by 35?
10
What is the remainder when 2218166 is divided by 1446?
2
Calculate the remainder when 2314561467 is divided by 390.
387
Calculate the remainder when 56723652 is divided by 215.
202
Calculate the remainder when 12983057 is divided by 355.
352
Calculate the remainder when 37258448 is divided by 240377.
13
What is the remainder when 77827 is divided by 1131?
919
Calculate the remainder when 119638 is divided by 119567.
71
What is the remainder when 36760 is divided by 181?
17
What is the remainder when 78313535 is divided by 63?
62
What is the remainder when 922771 is divided by 8024?
11
Calculate the remainder when 15823 is divided by 3786.
679
Calculate the remainder when 272534 is divided by 20963.
15
What is the remainder when 1984703 is divided by 1984697?
6
What is the remainder when 90992 is divided by 18110?
442
What is the remainder when 67488 is divided by 1528?
256
Calculate the remainder when 52482 is divided by 13104.
66
Calculate the remainder when 36817221 is divided by 6.
3
Calculate the remainder when 20507 is divided by 891.
14
Calculate the remainder when 77663114 is divided by 449.
33
Calculate the remainder when 140614 is divided by 533.
435
What is the remainder when 311608 is divided by 31?
27
What is the remainder when 32612435 is divided by 2744?
2739
What is the remainder when 888214 is divided by 98656?
310
What is the remainder when 157007 is divided by 1617?
158
Calculate the remainder when 2004937 is divided by 9640.
9457
Calculate the remainder when 1524445 is divided by 152443.
15
What is the remainder when 11278361 is divided by 9446?
9283
What is the remainder when 44696928 is divided by 56?
24
What is the remainder when 4910225 is divided by 38970?
5
What is the remainder when 29236 is divided by 168?
4
What is the remainder when 26208 is divided by 335?
78
Calculate the remainder when 148867224 is divided by 66.
0
What is the remainder when 226356 is divided by 1513?
919
What is the remainder when 3869524 is divided by 1928?
28
Calculate the remainder when 41369958 is divided by 739.
738
Calculate the remainder when 104783 is divided by 19.
17
What is the remainder when 314863 is divided by 104268?
2059
Calculate the remainder when 305576 is divided by 60873.
1211
Calculate the remainder when 350971 is divided by 4129.
6
What is the remainder when 1012728 is divided by 1011696?
1032
Calculate the remainder when 790655 is divided by 308.
19
What is the remainder when 347023 is divided by 173503?
17
Calculate the remainder when 45187433 is divided by 57.
56
Calculate the remainder when 48974 is divided by 44927.
4047
Calculate the remainder when 474528 is divided by 5175.
3603
What is the remainder when 16982037 is divided by 74?
73
What is the remainder when 9016080 is divided by 34?
28
Calculate the remainder when 6854811 is divided by 96.
27
Calculate the remainder when 3595908 is divided by 1198629.
21
Calculate the remainder when 249645 is divided by 61937.
1897
What is the remainder when 728886 is divided by 6168?
1062
Calculate the remainder when 14952419 is divided by 1869051.
11
Calculate the remainder when 10912 is divided by 1103.
985
What is the remainder when 13683916 is divided by 360103?
2
What is the remainder when 838696 is divided by 83869?
6
Calculate the remainder when 15249 is divided by 1321.
718
What is the remainder when 3617509 is divided by 3519?
3496
What is the remainder when 2380665 is divided by 1659?